. Let k = t + u. What is the greatest common factor of k and 88?
11
Suppose o + 3*o + 52 = 0. Let m = 11 + o. Let u(d) = 2*d**2 + 5*d + 4. Let a be u(m). What is the highest common factor of a and 22?
2
Suppose 2*p - 2*s - 13 = 47, 0 = -5*p - 3*s + 190. Let d(g) = -7*g**3 + 2*g**2 - 2. Let k be d(-1). What is the greatest common divisor of p and k?
7
Suppose -44*d = -39*d + 2*r - 794, 4*d = -7*r + 592. Let w(k) = -k + 13. Let f be w(-5). What is the highest common divisor of d and f?
18
Suppose 2*u - 88 = 24. Suppose -5*f + 294 + u = 0. Calculate the highest common divisor of 42 and f.
14
Suppose 0 = 16*o + 54 + 74. Let k(f) = -17*f - 13. Let u be k(o). What is the highest common divisor of u and 164?
41
Let g = 1935 - 1641. Calculate the greatest common divisor of 3675 and g.
147
Let g(b) = -90*b - 1076. Let k be g(-18). Calculate the highest common divisor of 96 and k.
32
Let m = -32173 + 54637. What is the highest common divisor of m and 156?
156
Let t be (-51)/(-15) - 14/35. Suppose -t*y + 4*q = -y, 2*y - 4 = 2*q. What is the highest common factor of y and 2?
2
Let o(d) = d. Let v be o(5). Suppose 4*u - 3*u + 2*b = 0, 0 = v*b - 20. Let z = u - -35. Calculate the greatest common divisor of 9 and z.
9
Suppose 53*t + 4*k = 54*t - 3792, 5*t - 2*k - 18996 = 0. Calculate the greatest common divisor of t and 456.
152
Let y = -12913 - -14688. What is the greatest common divisor of y and 275?
25
Let f(a) = a**3 - 6*a**2 - 29*a + 29. Let n be f(9). What is the greatest common factor of n and 2321?
11
Suppose 0 = -5*c - 5*r - 15, 0 = -5*c - 2*r - r - 15. Let k be 118 + c/(-2 - -5). Calculate the greatest common divisor of 156 and k.
39
Suppose 4*b - 165*n = -163*n + 2322, 0 = 3*b + 3*n - 1746. Calculate the greatest common factor of 1079 and b.
83
Let i = 151 - 80. Suppose 0 = -0*p + p + 2*a - i, 4*p - 272 = -5*a. Calculate the greatest common factor of p and 441.
63
Let i(o) be the second derivative of o**4/6 - 16*o**3/3 + 18*o**2 - 2*o + 34. Let f be i(15). Calculate the greatest common factor of f and 18.
6
Let o be (-8628)/(-30) - -6 - 6/(-15). What is the greatest common factor of o and 2793?
147
Let q(a) = a**3 - 11*a**2 + 108*a - 778. Let o be q(9). Suppose -512 = -4*c - 0*c. What is the highest common factor of o and c?
32
Let q = 39 - 0. Let a(n) = -2*n**3 - 5*n**2 - 35. Let u be a(-4). What is the highest common factor of u and q?
13
Suppose -q + 8 = 1. Let r be 7 + (2/(-6))/(q/(-21)). Suppose -6 = -4*y - 3*f, -2*y = -2*f - r - 2. Calculate the greatest common factor of y and 9.
3
Let i(v) = -v**3 + 11*v**2 - 31*v + 11. Let t be i(5). Suppose 0 = 2*u, -t*a = -a + 2*u - 10. What is the greatest common divisor of 98 and a?
2
Let x be (69456/(-46) + 38/(-437))/((-4)/6). What is the greatest common divisor of 20 and x?
5
Let n(a) = -2*a**3 + 186*a**2 - 278*a + 429. Let t be n(91). What is the highest common factor of t and 195?
65
Let p(j) = 98 + 19*j**2 - 208 + 114 + 4*j. Let n be p(-2). Suppose -2*s - 3*s = -240. What is the highest common factor of s and n?
24
Let w be (-4)/(-10)*125 + -5 + -1. Let k = 23 - -21. Calculate the greatest common factor of k and w.
44
Suppose -5*l + 77 + 419 = 3*m, 2*l + 3*m = 202. What is the highest common factor of 721 and l?
7
Suppose -4*r - m + 630 = 0, -7*m + 480 = 3*r - 5*m. What is the greatest common divisor of 900 and r?
12
Let q(z) = 22*z**2 - z - 5. Let c be q(-2). Let h be (-4)/(-12) + (-50)/(-3). Calculate the highest common factor of h and c.
17
Let i = 14665 + -10315. Calculate the greatest common factor of i and 522.
174
Let u = -10 + 14. Let o(p) = 3*p**2 - p + 8. Let r be o(u). Suppose 0*j - j = -r. What is the highest common factor of j and 13?
13
Suppose -w - 44 = -3*w. Let n = w - 18. Suppose -n*l - 2*l = -54. What is the greatest common divisor of l and 72?
9
Let w(p) = p**3 - 5*p**2 - 3*p - 15. Let f be w(5). Let x be 140/f + (1 - 8/6). Let t be (4 - 2)*(-440)/x. What is the greatest common factor of t and 11?
11
Let d = 290 + -222. Let j = 94 + d. What is the highest common divisor of 54 and j?
54
Let n be 5055*(410/60 + -6) - 4/8. Calculate the greatest common divisor of 780 and n.
156
Suppose 3*i = -0*i. Suppose x - 6 - 20 = i. Let t(k) = k**2 + 38*k + 364. Let d be t(-25). What is the greatest common divisor of x and d?
13
Suppose 2*b = 7*b - l - 37, 3*b - l = 21. Suppose 2*v + 3*y = 0, 5*y + 4 = -4*v + b. Let n be (12 - 0)/(-1 + 2). What is the greatest common factor of v and n?
6
Suppose -7*u - 2231 = -10*u - 4*v, -3*v + 4497 = 6*u. Calculate the greatest common factor of 2008 and u.
251
Let b = -448 - -1591. Suppose 0 = -4*o - 2*z + 566, -5*o = 4*z + 431 - b. Calculate the highest common divisor of 20 and o.
20
Suppose -s - 302 = -4*u, -u - 3*s + 8*s + 85 = 0. Let l be 8 + (-16896)/(-2464) + ((-4)/14)/(-2). What is the greatest common factor of u and l?
15
Let s be (-1)/6 - (-3459)/18. Suppose -5*h - 25 = 0, 83*q - 19*q - 1669 = -h + 6518. What is the greatest common divisor of s and q?
64
Let q be 2*(-5)/40*-12. Suppose n + q*n - n = 0. Let x(t) = -t**2 - t + 6. Let g be x(n). Calculate the greatest common divisor of 12 and g.
6
Suppose 13640 = 272*g - 9208. Suppose -t + 26 = -5*u, 3*t = -3*u + 1 + 59. What is the greatest common factor of g and t?
21
Let r be (-5)/(2/(-3 + 1)). Suppose 7 + 25 = 8*v. Suppose -4 = -d - r*j + 8, -v*d + 23 = -5*j. What is the greatest common divisor of 35 and d?
7
Let a = -391 - -398. Suppose -a = -25*g + 493. Calculate the greatest common divisor of 10 and g.
10
Let i(z) = 10*z**2 + 69*z - 10. Let m be i(-10). Suppose 5*v - 237 = v - n, 4*n = v - 72. Calculate the greatest common factor of v and m.
60
Suppose -m - 85 = -96. Suppose 2*n + 18 = 2*i, m + 54 = 5*i + 5*n. What is the highest common divisor of i and 77?
11
Suppose -1374*d = -1380*d + 66. What is the greatest common divisor of 583 and d?
11
Suppose -z + 108 = -2. Suppose -2*c + 0*c + z = 2*m, -m + c + 65 = 0. Calculate the highest common factor of m and 24.
12
Let c be (-29)/(435/(-600)) - -11. Calculate the greatest common divisor of 1921 and c.
17
Suppose 3*r - r = 0. Let f be ((-3)/4)/(15/(-10))*r. Let v be (f + 3)/((-3)/(-9)). What is the highest common divisor of v and 1?
1
Let p = 119 - 29. Suppose -95*u - 490 = -p*u. Let y = u - -121. What is the greatest common factor of 23 and y?
23
Let i be ((-348)/(-290))/((-12)/(-360)). Let y be 2 - 298/1*-1. What is the greatest common factor of y and i?
12
Let c(d) = 196*d - 1339. Let q be c(82). Calculate the highest common divisor of q and 9.
9
Let h = 1192 - 1169. Calculate the highest common divisor of h and 1863.
23
Let j(o) = o**2 - 26*o - 44. Let w be j(29). Calculate the highest common factor of 7267 and w.
43
Let x be 4676/(-25 + 53) + -4. What is the greatest common divisor of 11247 and x?
163
Let n(w) = 8*w**2 - 13*w + 14. Let h be n(2). What is the highest common factor of 4860 and h?
20
Let n be -2 + -38*(-3)/6. Let q(g) = -g**3 + g**2 - g. Let s be q(2). Let x be ((-306)/4)/(-3)*(-4)/s. What is the highest common divisor of n and x?
17
Let n(t) = 3*t**2 - 3*t - 31. Let m be n(-15). Let j = 1274 - m. Let v be 2 - -67 - (-1 + 10 - 5). What is the highest common factor of j and v?
65
Let p(y) = -9*y**2 + 82*y + 1888. Let c be p(0). Calculate the highest common divisor of c and 176.
16
Let d(s) = s**2 - 9*s + 39. Let z be ((-1050)/(-51))/5 + (-2)/17. Let q be d(z). Suppose 0 = -3*w + 81 + 432. Calculate the greatest common factor of q and w.
19
Suppose 4*v = -5*w + 204, 2*v - 22 = -20. Let s = 13 + -11. Let c be (452 - s)*24/30. What is the highest common divisor of c and w?
40
Suppose 581*y - 3*b = 578*y + 3936, 0 = -5*y - b + 6518. Calculate the highest common factor of y and 1595.
145
Let u = 145 - 139. Suppose -5*q - u*q + 319 = 0. What is the highest common factor of 145 and q?
29
Let p = 22 - 28. Let s be (-9)/3 + -2*93/p. Let i = 554 - 498. Calculate the greatest common divisor of s and i.
28
Let f be (-1)/(1 + 78/(-77)). Suppose 5*y + 12 - 185 = -8. Calculate the greatest common factor of y and f.
11
Suppose -103*h + 104*h + 2*b - 1960 = 0, 2*h + 3*b = 3913. Calculate the greatest common divisor of h and 56.
14
Let u = -184 + 376. Let g = -44 - -35. Let s be 27 - (-15)/(4 + g). What is the greatest common factor of s and